nds digit of 11349?
1
What is the tens digit of 20669?
6
What is the units digit of 884?
4
What is the tens digit of 75685?
8
What is the hundreds digit of 4364?
3
What is the thousands digit of 92366?
2
What is the tens digit of 2253?
5
What is the hundreds digit of 1660?
6
What is the hundreds digit of 26970?
9
What is the hundreds digit of 6914?
9
What is the hundreds digit of 12247?
2
What is the thousands digit of 2040?
2
What is the tens digit of 24849?
4
What is the tens digit of 18078?
7
What is the ten thousands digit of 39251?
3
What is the units digit of 119?
9
What is the hundreds digit of 43910?
9
What is the thousands digit of 1283?
1
What is the hundred thousands digit of 176860?
1
What is the units digit of 1357?
7
What is the units digit of 533?
3
What is the hundreds digit of 2634?
6
What is the units digit of 1302?
2
What is the tens digit of 5009?
0
What is the tens digit of 399?
9
What is the hundreds digit of 367?
3
What is the tens digit of 12839?
3
What is the units digit of 733?
3
What is the thousands digit of 9198?
9
What is the tens digit of 11129?
2
What is the tens digit of 2005?
0
What is the thousands digit of 89401?
9
What is the tens digit of 2600?
0
What is the units digit of 7401?
1
What is the thousands digit of 188814?
8
What is the thousands digit of 43245?
3
What is the hundreds digit of 4137?
1
What is the tens digit of 17294?
9
What is the units digit of 53392?
2
What is the thousands digit of 65409?
5
What is the units digit of 363?
3
What is the tens digit of 4313?
1
What is the units digit of 420?
0
What is the tens digit of 7770?
7
What is the hundreds digit of 1380?
3
What is the units digit of 629?
9
What is the hundreds digit of 21741?
7
What is the units digit of 179?
9
What is the tens digit of 672?
7
What is the thousands digit of 5017?
5
What is the tens digit of 2929?
2
What is the units digit of 309?
9
What is the units digit of 8900?
0
What is the tens digit of 6711?
1
What is the hundred thousands digit of 189398?
1
What is the hundreds digit of 1833?
8
What is the hundreds digit of 11013?
0
What is the units digit of 19429?
9
What is the hundreds digit of 47752?
7
What is the ten thousands digit of 13881?
1
What is the thousands digit of 3418?
3
What is the units digit of 1476?
6
What is the tens digit of 640?
4
What is the hundreds digit of 18744?
7
What is the units digit of 1342?
2
What is the thousands digit of 99598?
9
What is the ten thousands digit of 12599?
1
What is the units digit of 5003?
3
What is the units digit of 2986?
6
What is the tens digit of 5059?
5
What is the tens digit of 690?
9
What is the ten thousands digit of 28129?
2
What is the tens digit of 9757?
5
What is the thousands digit of 17493?
7
What is the tens digit of 1265?
6
What is the tens digit of 60533?
3
What is the hundreds digit of 2123?
1
What is the hundreds digit of 8841?
8
What is the hundreds digit of 75730?
7
What is the tens digit of 3048?
4
What is the hundreds digit of 50983?
9
What is the tens digit of 1520?
2
What is the hundreds digit of 14397?
3
What is the tens digit of 4491?
9
What is the thousands digit of 69056?
9
What is the units digit of 1955?
5
What is the units digit of 425?
5
What is the thousands digit of 21052?
1
What is the hundreds digit of 8091?
0
What is the thousands digit of 2518?
2
What is the hundreds digit of 174?
1
What is the tens digit of 76389?
8
What is the hundreds digit of 3123?
1
What is the units digit of 82055?
5
What is the tens digit of 7656?
5
What is the thousands digit of 31814?
1
What is the ten thousands digit of 27897?
2
What is the tens digit of 36130?
3
What is the units digit of 237?
7
What is the hundreds digit of 1258?
2
What is the units digit of 1199?
9
What is the hundreds digit of 799?
7
What is the thousands digit of 5869?
5
What is the units digit of 7659?
9
What is the hundreds digit of 3058?
0
What is the hundreds digit of 1058?
0
What is the tens digit of 35941?
4
What is the ten thousands digit of 50513?
5
What is the thousands digit of 1159?
1
What is the thousands digit of 59358?
9
What is the units digit of 968?
8
What is the hundreds digit of 6645?
6
What is the tens digit of 408?
0
What is the ten thousands digit of 33735?
3
What is the ten thousands digit of 94487?
9
What is the tens digit of 2635?
3
What is the units digit of 611?
1
What is the units digit of 44997?
7
What is the tens digit of 86?
8
What is the units digit of 953?
3
What is the units digit of 76?
6
What is the ten thousands digit of 27439?
2
What is the tens digit of 20997?
9
What is the units digit of 1116?
6
What is the tens digit of 1863?
6
What is the units digit of 113?
3
What is the ten thousands digit of 163110?
6
What is the units digit of 4970?
0
What is the thousands digit of 10401?
0
What is the ten thousands digit of 113297?
1
What is the thousands digit of 1155?
1
What is the units digit of 253?
3
What is the tens digit of 549?
4
What is the tens digit of 2499?
9
What is the tens digit of 623?
2
What is the thousands digit of 46834?
6
What is the ten thousands digit of 43976?
4
What is the ten thousands digit of 182544?
8
What is the tens digit of 244?
4
What is the tens digit of 1443?
4
What is the hundreds digit of 73747?
7
What is the ten thousands digit of 27333?
2
What is the thousands digit of 3297?
3
What is the units digit of 1537?
7
What is the hundreds digit of 1315?
3
What is the thousands digit of 2613?
2
What is the thousands digit of 38627?
8
What is the ten thousands digit of 15342?
1
What is the hundreds digit of 1721?
7
What is the hundreds digit of 1220?
2
What is the units digit of 1605?
5
What is the hundreds digit of 26457?
4
What is the units digit of 282?
2
What is the hundreds digit of 2078?
0
What is the hundreds digit of 518?
5
What is the hundreds digit of 1597?
5
What is the tens digit of 26?
2
What is the tens digit of 5066?
6
What is the thousands digit of 1655?
1
What is the tens digit of 3504?
0
What is the ten thousands digit of 25790?
2
What is the units digit of 14621?
1
What is the hundreds digit of 279?
2
What is the units digit of 2098?
8
What is the hundreds digit of 3477?
4
What is the ten thousands digit of 13517?
1
What is the hundreds digit of 608?
6
What is the hundreds digit of 39318?
3
What is the units digit of 16?
6
What is the hundreds digit of 929?
9
What is the units digit of 8539?
9
What is the hundreds digit of 1973?
9
What is the hundreds digit of 9463?
4
What is the thousands digit of 9668?
9
What is the thousands digit of 8398?
8
What is the thousands digit of 52176?
2
What is the tens digit of 17412?
1
What is the units digit of 2453?
3
What is the hundreds digit of 11183?
1
What is the hundreds digit of 48206?
2
What is the tens digit of 149?
4
What is the thousands digit of 2247?
2
What is the tens digit of 183?
8
What is the tens digit of 50422?
2
What is the tens digit of 990?
9
What is the units digit of 12935?
5
What is the hundreds digit of 16861?
8
What is the tens digit of 7535?
3
What is the tens digit of 13836?
3
What is the units digit of 15047?
7
What is the thousands digit of 2352?
2
What is the tens digit of 1650?
5
What is the tens digit of 2668?
6
What is the hundreds digit of 96209?
2
What is the hundreds digit of 79981?
9
What is the hundreds digit of 5819?
8
What is the units digit of 109261?
1
What is the ten thousands digit of 17124?
1
What is the units digit of 737?
7
What is the tens digit of 438?
3
What is the hundreds digit of 6792?
7
What is the hundreds digit of 71476?
4
What is the units digit of 5993?
3
What is the tens digit of 27546?
4
What is the units digit of 2084?
4
What is the hundreds digit of 49046?
0
What is the units digit of 54403?
3
What is the units digit of 109000?
0
What is the hundreds digit of 50919?
9
What is the units digit of 18441?
1
What is the hundreds digit of 411?
4
What is the ten thousands digit of 12332?
1
What is the units digit of 5150?
0
What is the hundreds digit of 3085?
0
What is the tens digit of 35985?
8
What is the hundreds digit of 463?
4
What is the ten thousands digit of 75027?
7
What is the thousands digit of 39729?
9
What is the tens digit of 335?
3
What is the tens digit of 259?
5
What is the units digit of 72625?
5
Wh